31320?
231332
In base 2, what is -1101110 + 10101110010000?
10101100100010
In base 7, what is -31 - 5?
-36
In base 10, what is 102 + 248?
350
In base 3, what is -10202200111 + -1?
-10202200112
In base 9, what is 156732 + -3?
156728
In base 3, what is -22002 - -12022210?
12000201
In base 5, what is 12 - 223?
-211
In base 11, what is -20 + 1247?
1227
In base 5, what is -442143 + -113?
-442311
In base 8, what is -465214 + -10?
-465224
In base 16, what is 45ccb + -5?
45cc6
In base 2, what is 11011000 + -1110110?
1100010
In base 2, what is -110 + 101000001111110?
101000001111000
In base 15, what is 4a + 7e1?
83b
In base 12, what is 16 - 3968?
-3952
In base 2, what is 1010011101101 + 101?
1010011110010
In base 2, what is 1 + -10101011101000010?
-10101011101000001
In base 5, what is 3 + 133224231?
133224234
In base 3, what is -220 + -20012002000?
-20012002220
In base 2, what is -1 - 101111101111?
-101111110000
In base 12, what is 17b71 + 7?
17b78
In base 4, what is -13121 + -1122?
-20303
In base 6, what is -50 + -2052?
-2142
In base 4, what is 1103 + 1230?
2333
In base 14, what is -3b - 742?
-77d
In base 6, what is 40 - -23222?
23302
In base 4, what is -1 - -13330220?
13330213
In base 4, what is -3 - -1330023202?
1330023133
In base 3, what is 101010010122111 - 11?
101010010122100
In base 8, what is 52 + 246?
320
In base 5, what is 11 - -342112?
342123
In base 8, what is 114 + -3132?
-3016
In base 13, what is 995a - -3?
9960
In base 7, what is 1245 - 1632?
-354
In base 8, what is 4 + 54022?
54026
In base 14, what is -416 + -211?
-627
In base 4, what is -3301 + -1020323?
-1030230
In base 8, what is 4406 + -1350?
3036
In base 10, what is -245130 + -2?
-245132
In base 3, what is -100110122 + -12?
-100110211
In base 13, what is -614a + -27?
-6174
In base 11, what is 14 - 56646?
-56632
In base 6, what is 0 - 202040?
-202040
In base 12, what is -266 + -6?
-270
In base 8, what is 3 - 20436?
-20433
In base 11, what is -65 + 18656?
185a1
In base 4, what is 12 + -11220210?
-11220132
In base 13, what is -1 - -621b?
621a
In base 4, what is -20110011 + -110?
-20110121
In base 12, what is -6a46 + -4?
-6a4a
In base 2, what is -10 + -11111100011011?
-11111100011101
In base 13, what is -8c0 - -5?
-8b8
In base 2, what is 11011100111011 - -10011?
11011101001110
In base 14, what is -31 + 800?
7ad
In base 11, what is 3 - 8197?
-8194
In base 13, what is 166 + -61?
105
In base 7, what is -1061410 + 2?
-1061405
In base 10, what is 2769 - -259?
3028
In base 11, what is -32 + -10?
-42
In base 5, what is -30413424 - -14?
-30413410
In base 14, what is 2512 - -cb?
25dd
In base 3, what is 220 + -2221?
-2001
In base 9, what is -30353 + 240?
-30113
In base 11, what is -2588 + -862?
-333a
In base 14, what is c906 - 2?
c904
In base 10, what is 904 - 1291?
-387
In base 4, what is 101023300 - 0?
101023300
In base 14, what is -3d + -86a?
-8a9
In base 10, what is 2059 + -43?
2016
In base 16, what is 4 - 1da0?
-1d9c
In base 8, what is -72 + -11265?
-11357
In base 15, what is 4 + -1bab9?
-1bab5
In base 14, what is 27d59 + 2?
27d5b
In base 12, what is -6425 + -9?
-6432
In base 15, what is -3bd - -c1?
-2ec
In base 16, what is 31e - 99?
285
In base 15, what is -6acb - 0?
-6acb
In base 2, what is -10011110011100001 - -100?
-10011110011011101
In base 4, what is -1221013032 - -11?
-1221013021
In base 2, what is -11000 - -111101011010010?
111101010111010
In base 10, what is -547073 - 4?
-547077
In base 5, what is 32312114 + -4?
32312110
In base 6, what is 423 - -315?
1142
In base 9, what is 1 - -106313?
106314
In base 15, what is -1 - -26ee?
26ed
In base 7, what is 111 + 133?
244
In base 7, what is 1 - -2435265?
2435266
In base 16, what is -51e + -13?
-531
In base 15, what is -5ab - -472?
-139
In base 6, what is 540 - 222424?
-221444
In base 10, what is -2 + -70559?
-70561
In base 11, what is 0 + 18108?
18108
In base 3, what is -11 - 20210121112?
-20210121200
In base 4, what is -23 - 220212?
-220301
In base 3, what is -110021 + 20202202?
20022111
In base 5, what is -300420 - -1124?
-244241
In base 10, what is -54729 + 3?
-54726
In base 15, what is 4 + -2765b?
-27657
In base 16, what is -2 + -b55?
-b57
In base 6, what is -2215101 + 5?
-2215052
In base 13, what is 3 + -127bc?
-127b9
In base 14, what is 38d97 - -1?
38d98
In base 14, what is 146364 - -4?
146368
In base 12, what is 21b17 - 2?
21b15
In base 5, what is -1302 + -141430?
-143232
In base 9, what is 12 - -64177?
64200
In base 16, what is -1ca5 + -3?
-1ca8
In base 14, what is 0 + 2b27?
2b27
In base 8, what is -70046 + -4?
-70052
In base 16, what is -e703 + -9?
-e70c
In base 3, what is 10200110110000 - -11?
10200110110011
In base 7, what is 5035 - -10?
5045
In base 9, what is 114241 + 0?
114241
In base 13, what is 5 + -14712?
-1470a
In base 5, what is 223341 - 141?
223200
In base 14, what is aa4 + 55?
b19
In base 7, what is -4225 - 45?
-4303
In base 7, what is 3 + -566055?
-566052
In base 2, what is -10100 + -11101000001011?
-11101000011111
In base 12, what is -298135 - -3?
-298132
In base 2, what is -101011110 - 10010001?
-111101111
In base 3, what is -12 + -102220012111?
-102220012200
In base 7, what is 2560154 - -4?
2560161
In base 3, what is -1020212001 + 10?
-1020211221
In base 9, what is -137351 + -7?
-137358
In base 7, what is 33 + 4455?
4521
In base 11, what is -6213 + 5?
-6209
In base 7, what is 3536 + 16?
3555
In base 9, what is 172 + -475?
-303
In base 5, what is 24432 - 143?
24234
In base 7, what is 55 - -10444?
10532
In base 13, what is -1452 + -2?
-1454
In base 16, what is 3630b - -5?
36310
In base 7, what is -3355133 + -14?
-3355150
In base 10, what is 5 + 897128?
897133
In base 8, what is 122756 - -121?
123077
In base 11, what is 2 + 10934?
10936
In base 7, what is 1 - 3061205?
-3061204
In base 15, what is -1 - 194a?
-194b
In base 7, what is -2456 + 115?
-2341
In base 6, what is -3 + -134401?
-134404
In base 4, what is -1000021 - 1130?
-1001211
In base 13, what is 0 + 1a4416?
1a4416
In base 8, what is -201471 - 1?
-201472
In base 15, what is -1dcc9 - -5?
-1dcc4
In base 3, what is -12 + 12000000200?
12000000111
In base 13, what is -11b77 - -1?
-11b76
In base 2, what is 1010011010001001 - -100110?
1010011010101111
In base 8, what is 12 - 150644?
-150632
In base 16, what is 15 + b6?
cb
In base 5, what is 223120 - 30?
223040
In base 13, what is -28 - 4547?
-4572
In base 3, what is -20210102 + 12?
-20210020
In base 5, what is 304 - -110440?
111244
In base 7, what is -634 - -14?
-620
In base 13, what is 4b + 6a25?
6a73
In base 16, what is 13 - 1d36f?
-1d35c
In base 15, what is 5 + 14cb?
14d1
In base 13, what is -2 - -770b5?
770b3
In base 12, what is -2a71581 + 2?
-2a7157b
In base 14, what is -3c517 - 0?
-3c517
In base 16, what is -4 - -77de9?
77de5
In base 6, what is 21 + 135214?
135235
In base 4, what is -12012133 + 22?
-12012111
In base 9, what is -316443 - -3?
-316440
In base 5, what is 3233304 + 3?
3233312
In base 11, what is -4069 + -178?
-4236
In base 10, what is 643 + 482?
1125
In base 11, what is -8131 + -29?
-815a
In base 5, what is 1222324 - -4?
1222333
In base 4, what is -101220322 + 1?
-101220321
In base 14, what is -6b - 934c?
-93b9
In base 14, what is 8a - -51?
db
In base 6, what is 115 + 55003?
55122
In base 13, what is 3b187 - -5?
3b18c
In base 16, what is -7 + -1aca1?
-1aca8
In base 16, what is 8d + -384?
-2f7
In base 2, what is 101111001 - -10001001101001?
10001111100010
In base 16, what is -34ea - 5?
-34ef
In base 14, what is 11 + 118ab?
118bc
In base 8, what is -2 + -400516?
-400520
In base 9, what is -4 + -535727?
-535732
In base 9, what is -44 + 2752?
2707
In base 13, what is -26 + 167?
141
In base 12, what is 212 + -b9?
115
In base 15, what is -a94ba - -2?
-a94b8
In base 12, what is 157 - -3?
15a
In base 11, what is 1311 + -49?
1273
In base 10, what is -225 - -163?
-62
In base 9, what is 67524 + -5?
67518
In base 2, what is -1010100110010 + -101?
-1010100110111
In base 5, what is 4 + -133402?
-133343
In base 6, what is 1320 + 100534?
102254
In base 10, what is -21329 + 209?
-21120
In base 7, what is -10 + 1535546?
1535536
In base 5, what is -200334 - -21?
-200313
In base 6, what is -242341 - 15?
-242400
In base 10, what is -173 + 593?
420
In base 9, what is 370 - -44?
424
In base 10, what is 3 + 157567?
15